of 5723872053?
7
What is the units digit of 20614004?
4
What is the thousands digit of 167148503?
8
What is the thousands digit of 131146463?
6
What is the units digit of 885725?
5
What is the millions digit of 410916744?
0
What is the hundreds digit of 1147409?
4
What is the thousands digit of 2322723860?
3
What is the thousands digit of 350284128?
4
What is the ten millions digit of 2283143483?
8
What is the ten thousands digit of 941438223?
3
What is the hundreds digit of 7163558339?
3
What is the ten millions digit of 90437274?
9
What is the hundreds digit of 2347849326?
3
What is the thousands digit of 20852199?
2
What is the thousands digit of 22808103?
8
What is the hundreds digit of 108224263?
2
What is the millions digit of 1674107979?
4
What is the millions digit of 95414719?
5
What is the hundred thousands digit of 6712695631?
6
What is the millions digit of 233987907?
3
What is the hundred thousands digit of 3916078783?
0
What is the thousands digit of 30616080?
6
What is the hundred thousands digit of 262909663?
9
What is the units digit of 65422760?
0
What is the thousands digit of 43837172?
7
What is the hundreds digit of 2956485572?
5
What is the units digit of 251803476?
6
What is the hundred thousands digit of 71459824?
4
What is the ten thousands digit of 302185321?
8
What is the ten thousands digit of 18910585?
1
What is the thousands digit of 12173632?
3
What is the tens digit of 2613748013?
1
What is the millions digit of 186278594?
6
What is the tens digit of 57801386?
8
What is the ten millions digit of 2658039856?
5
What is the hundred millions digit of 557916200?
5
What is the hundreds digit of 4079023949?
9
What is the ten millions digit of 206669990?
0
What is the hundred millions digit of 362245487?
3
What is the ten thousands digit of 1265333772?
3
What is the units digit of 6137487?
7
What is the hundred thousands digit of 2745020093?
0
What is the ten millions digit of 54789431?
5
What is the hundred thousands digit of 441160725?
1
What is the millions digit of 135474057?
5
What is the hundreds digit of 2334977173?
1
What is the hundred thousands digit of 1993999636?
9
What is the hundreds digit of 46011823?
8
What is the units digit of 45800933?
3
What is the hundred thousands digit of 477887972?
8
What is the ten millions digit of 997703399?
9
What is the hundred thousands digit of 194567854?
5
What is the hundred thousands digit of 15283782?
2
What is the ten thousands digit of 33894215?
9
What is the thousands digit of 13915325?
5
What is the hundred thousands digit of 71175554?
1
What is the hundred thousands digit of 30877981?
8
What is the tens digit of 4628837698?
9
What is the tens digit of 1419099563?
6
What is the billions digit of 3151529939?
3
What is the units digit of 83269183?
3
What is the hundred thousands digit of 48196391?
1
What is the ten millions digit of 11823508?
1
What is the units digit of 163660489?
9
What is the tens digit of 80592251?
5
What is the hundred millions digit of 3648962740?
6
What is the ten thousands digit of 32834657?
3
What is the ten thousands digit of 174841621?
4
What is the hundred thousands digit of 8695840?
6
What is the ten thousands digit of 325402598?
0
What is the thousands digit of 757259192?
9
What is the billions digit of 3037591036?
3
What is the ten millions digit of 207926703?
0
What is the thousands digit of 20425424?
5
What is the tens digit of 111607116?
1
What is the hundreds digit of 350642664?
6
What is the hundred thousands digit of 136505743?
5
What is the thousands digit of 618383423?
3
What is the millions digit of 330837610?
0
What is the units digit of 2443368122?
2
What is the hundred millions digit of 251775800?
2
What is the hundreds digit of 10344041?
0
What is the hundred millions digit of 2125291857?
1
What is the tens digit of 290876860?
6
What is the units digit of 2036891906?
6
What is the millions digit of 412910980?
2
What is the hundred thousands digit of 315321924?
3
What is the ten millions digit of 185119904?
8
What is the units digit of 9398525?
5
What is the ten thousands digit of 872283826?
8
What is the ten millions digit of 612358575?
1
What is the thousands digit of 238408877?
8
What is the hundred thousands digit of 1025678408?
6
What is the hundred thousands digit of 81232173?
2
What is the ten thousands digit of 3180149789?
4
What is the units digit of 34597845?
5
What is the millions digit of 326109142?
6
What is the tens digit of 88662825?
2
What is the hundred thousands digit of 126770778?
7
What is the ten millions digit of 65511586?
6
What is the ten millions digit of 882712492?
8
What is the units digit of 235042770?
0
What is the hundred thousands digit of 1439264420?
2
What is the ten thousands digit of 57626968?
2
What is the tens digit of 112518881?
8
What is the hundred millions digit of 1774365653?
7
What is the millions digit of 360588164?
0
What is the hundred thousands digit of 273412424?
4
What is the ten millions digit of 88223345?
8
What is the units digit of 234659082?
2
What is the units digit of 917737158?
8
What is the hundred thousands digit of 426700803?
7
What is the hundred thousands digit of 2984918258?
9
What is the ten millions digit of 411837785?
1
What is the millions digit of 66025184?
6
What is the millions digit of 172445449?
2
What is the hundred millions digit of 1414851039?
4
What is the millions digit of 42343403?
2
What is the hundreds digit of 5333974076?
0
What is the thousands digit of 117112023?
2
What is the thousands digit of 5545994399?
4
What is the hundred thousands digit of 123745106?
7
What is the units digit of 277812257?
7
What is the units digit of 5593149?
9
What is the tens digit of 424478143?
4
What is the thousands digit of 45136457?
6
What is the ten thousands digit of 926080610?
8
What is the tens digit of 78211275?
7
What is the millions digit of 26517017?
6
What is the hundred thousands digit of 42176871?
1
What is the ten millions digit of 96915501?
9
What is the ten millions digit of 978252482?
7
What is the ten millions digit of 49968475?
4
What is the tens digit of 437994803?
0
What is the hundreds digit of 6968160?
1
What is the ten millions digit of 413093023?
1
What is the thousands digit of 352756792?
6
What is the millions digit of 205203415?
5
What is the millions digit of 74696389?
4
What is the hundred millions digit of 880066442?
8
What is the hundred thousands digit of 22697708?
6
What is the hundred millions digit of 245316291?
2
What is the hundred thousands digit of 105813581?
8
What is the millions digit of 76163603?
6
What is the ten millions digit of 3305725801?
0
What is the millions digit of 11859150?
1
What is the hundreds digit of 83199758?
7
What is the tens digit of 314443243?
4
What is the tens digit of 397803941?
4
What is the thousands digit of 1234342474?
2
What is the thousands digit of 2869916426?
6
What is the hundred thousands digit of 3584651386?
6
What is the hundreds digit of 9754305?
3
What is the hundred thousands digit of 549933242?
9
What is the hundreds digit of 395182963?
9
What is the thousands digit of 944395384?
5
What is the ten thousands digit of 1090910682?
1
What is the ten millions digit of 1776747762?
7
What is the hundred millions digit of 576386710?
5
What is the hundred millions digit of 148364239?
1
What is the units digit of 11833248?
8
What is the ten millions digit of 213616745?
1
What is the hundreds digit of 67505221?
2
What is the thousands digit of 51751168?
1
What is the hundred thousands digit of 89321522?
3
What is the units digit of 2310997817?
7
What is the millions digit of 77713665?
7
What is the hundred thousands digit of 80125534?
1
What is the ten thousands digit of 4152835801?
3
What is the ten thousands digit of 7201902?
0
What is the thousands digit of 1778789283?
9
What is the ten thousands digit of 78000377?
0
What is the billions digit of 3759944512?
3
What is the units digit of 78287955?
5
What is the billions digit of 1014568509?
1
What is the hundred millions digit of 1551806148?
5
What is the ten thousands digit of 128406605?
0
What is the thousands digit of 557365333?
5
What is the ten thousands digit of 15393995?
9
What is the hundreds digit of 626757550?
5
What is the